the highest common factor of k and b?
5
Suppose -93 = 5*z - 3*d, 6*z - d = 9*z + 67. Let l be (-7)/z - 137/(-3). What is the highest common factor of l and 46?
46
Let u(i) = 9*i**2 + i. Let d be u(-1). Let x be ((-420)/9)/(-5)*(-207)/(-161). What is the greatest common factor of x and d?
4
Suppose -27*t = -72*t - 23*t + 3332. Calculate the highest common divisor of 84 and t.
7
Let m be (12/9)/((-36)/(-54)). Suppose -315 = -24*x + 19*x - n, -m*n = -5*x + 315. What is the greatest common divisor of 45 and x?
9
Let s be 108/(-37 - -25) - (-1 - -5 - 35). Let o(i) = i**3 - 3*i**2 + 5*i + 2. Let n be o(5). What is the greatest common divisor of s and n?
11
Let j = -331 - -580. Suppose j = -17*i + 793. Calculate the greatest common divisor of 8 and i.
8
Let g = -1862 - -1865. What is the highest common divisor of g and 51?
3
Let b = 13449 - 13446. Calculate the greatest common factor of b and 5427.
3
Suppose 4*k - 5*k = -4*i + 84895, 0 = 3*i - k - 63672. Suppose 25*l - i + 7273 = 0. What is the greatest common divisor of l and 62?
62
Suppose -105 = -4*u + 5*m, 5*u = 76*m - 56*m + 35. Suppose 5*p - 14 - 11 = 0. Calculate the highest common factor of u and p.
5
Let s be -4*(-2)/36 - (-68)/18. Suppose s*r - b - 17 = 2*r, -4*b = -3*r + 28. What is the greatest common divisor of 16 and r?
8
Suppose b - 2*m = m + 108, 8*b + 4*m - 500 = 0. Let j(s) = s**2 + 23. Let y be j(0). What is the highest common divisor of y and b?
23
Suppose -398*z = -37344 - 40664. Calculate the greatest common factor of z and 11564.
196
Suppose 5*r - u = 44, -16 = -5*r + 4*u + 25. Suppose r*l - 728 = 2*l. Calculate the highest common divisor of 39 and l.
13
Let g = 19 + -4. Let z be -7*((-15)/(4 + -1) + 2). Suppose -23*a = -z*a - 390. What is the highest common factor of a and g?
15
Suppose 13*v = 9079 + 2309. Calculate the greatest common factor of v and 108.
12
Let c = -7959 + 16735. Calculate the greatest common divisor of 16 and c.
8
Let g(u) = -200*u + 300. Let s be g(-12). What is the greatest common factor of s and 200?
100
Let k be (1*4)/(4/8). Let i = k - -2. Let n(p) = p + 14. Let w be n(i). Calculate the greatest common factor of 168 and w.
24
Let z be 2/(-6) + (-291)/(-9). Suppose -v = 4*m + 1995, 4*m + 5*v + 2004 = v. Let b = -242 - m. What is the highest common divisor of z and b?
32
Let c be (-10)/45 + 3185/(-45). Let i = c + 104. Let y(b) = 3*b**2 - 31*b - 19. Let o be y(11). Calculate the highest common divisor of o and i.
3
Let g = 1907 + -492. What is the greatest common divisor of g and 25?
5
Suppose 0 = -3*f - 3*i + 1650, -3*f - i = f - 2200. Let m be (10/(-3))/(6 - f/90). What is the highest common factor of 42 and m?
6
Let c be 8/(-14) - (3560/(-56) - 0). Let p = -20 - -38. Suppose p = -5*h + c. Calculate the highest common divisor of h and 36.
9
Suppose -177*p = -1224 - 2493. What is the highest common divisor of 12 and p?
3
Let k(q) = 85*q - 151. Let a be k(7). Let b = 468 - a. What is the greatest common divisor of 16 and b?
8
Let o(p) = -51*p - 73. Let u be o(-3). What is the greatest common divisor of u and 18640?
80
Let y = 832 - 1300. Let a be y/24*4/6. Let r(k) = -k**3 - 11*k**2 + 26*k + 14. Let j be r(a). Calculate the greatest common factor of j and 2.
2
Let z(a) = -94*a - 87. Let h be z(-1). Suppose 0 = 4*s + 12, -3*s - 2 = n - s. Let m = n + h. What is the greatest common factor of 187 and m?
11
Let g = 68 - -80. Suppose -4*o + 37 = -4*f - 415, 5*f = -4*o + 434. What is the highest common factor of g and o?
37
Let d(m) = m**2 - 2*m - 32. Let y be d(-5). Suppose 2*r - 5*j = y*r - 55, -8 = -4*j. What is the highest common divisor of r and 30?
15
Let j = -487 - -490. Let c be (-2)/((10/j)/5) - -48. Calculate the highest common factor of c and 855.
45
Let g(w) = w**3 + 9*w**2 + 2*w + 4. Let s be g(-6). Suppose -1245*o - 43021 = -142621. Calculate the highest common factor of s and o.
20
Let c(r) = -187*r - 374. Let g be c(-3). Calculate the highest common factor of 17 and g.
17
Let j = -36 + 40. Suppose -i - j - 33 = 0. Let l = i - -44. What is the highest common factor of l and 49?
7
Let i = -3044 - -3135. What is the highest common factor of 42 and i?
7
Suppose -4*v + 5*k + 4032 = 0, 2*k - 488 + 2502 = 2*v. Calculate the greatest common divisor of v and 59.
59
Suppose -5*v + 60 = 3*z - 79, -4*v = -5*z + 207. Let m = 46 - z. Suppose m*x - q + 3 = 139, -3*x + 5*q = -152. Calculate the greatest common factor of 4 and x.
4
Suppose 4*g = -2*s + 154 - 22, -4*s = g - 47. Let a be -118*6/(-4) + g + -32. Calculate the greatest common divisor of 33 and a.
11
Let n = 192 - 156. Suppose -2*u = 3*q - 60, 3*u + 7 + 2 = q. Calculate the greatest common factor of n and q.
18
Let v(j) = 5*j - 137. Let n be v(27). Let h be ((n + 3)/(-1))/(3/(-6)). Calculate the greatest common factor of h and 2.
2
Suppose -5*s = 10*s - 5280. Let t(c) = 7*c**3 + 4*c. Let i be t(2). Suppose -q = 4*a - 128, 0*q + i = 2*a - 3*q. What is the greatest common factor of s and a?
32
Let y(s) = s + 3. Let n be y(12). Calculate the greatest common divisor of 39 and n.
3
Let g = -156 - -642. Suppose -j = -3*o + 90, -4*j = 5*o - 4119 + 4020. What is the highest common divisor of o and g?
27
Let z be (-9802)/(-91) - (-4)/14. Let k be (-1)/(4 - z/28). Let l be k/(((-1)/10)/1). What is the highest common factor of 14 and l?
14
Let i be (-22)/99 - ((-104)/1404)/(2/654). Let z(v) = -4*v - 3. Let y be z(-6). What is the greatest common factor of i and y?
3
Let i be (4/6 - 2)/((-34)/51). Let u be (183/15 - 1) + i/(-10). Suppose 8*b - 826 + 34 = 0. What is the highest common factor of b and u?
11
Let l(w) be the second derivative of 9*w**3/2 - 4*w. Let h be l(1). Suppose 31*c - 96 + 924 = 77*c. What is the greatest common factor of c and h?
9
Suppose 0 = -3*h - 2*t - 33, -3*t - 11 - 33 = 4*h. Suppose 9 = 9*b - 108. Let w = b - h. What is the greatest common divisor of w and 264?
24
Suppose -33 = -7*m + 191. Let q(t) = t**3 - t**2 + 3*t - 3. Let i be q(2). Let z = m - i. Calculate the highest common divisor of z and 75.
25
Let c(o) = -o**3 - 4*o**2 - 10*o - 22. Let y be c(-4). Calculate the greatest common divisor of y and 222.
6
Suppose -5*a - 4*h + 1066 = 0, -1641*a - h = -1640*a - 212. What is the highest common factor of 23762 and a?
218
Suppose d - 10 - 2 = 5*a, 20 = -5*a + 5*d. Let u(o) = 34*o + 794. Let r be u(-23). Let y = r - a. Calculate the highest common divisor of 42 and y.
14
Suppose 3*r = 3*c - 4413, -c + 13*r = 16*r - 1495. Calculate the highest common factor of 7 and c.
7
Let x = 14209 - 13962. What is the greatest common divisor of 637 and x?
13
Let c(y) = 234*y**2 - 19*y + 234. Let a be c(7). Calculate the highest common factor of a and 43.
43
Let s be 3 - -1343 - (29 + -17). What is the greatest common divisor of 253 and s?
23
Suppose -384*k + 2*t - 32 = -388*k, 3*k + 18 = -5*t. Let u be 28/(0 - (-4)/38). Calculate the greatest common factor of u and k.
14
Suppose 6*j - 4*v - 44 = 2*j, 2*v - 33 = -3*j. Suppose -j = -2*u + 13. Suppose -31 = -2*i + 41. What is the greatest common divisor of i and u?
12
Let o(b) = 100*b + 720. Let w be o(-7). What is the greatest common divisor of 235 and w?
5
Let u be (-121)/11 + 70 - -10. Suppose -7*m - 9 + 30 = 0. What is the greatest common divisor of m and u?
3
Suppose 0 = f - 174 + 161. Let u = 45 - f. Calculate the greatest common divisor of u and 464.
16
Let t be (-2)/(3 + (-176)/48 + 41/63). Let w be -1 - (-28 - (2 - 1)). What is the greatest common divisor of t and w?
14
Let c(j) = j**3 + 9*j**2 - 4*j + 3. Let i be c(-6). Let f be 2/84*(2 - 6) - (-6828)/252. Calculate the greatest common divisor of f and i.
27
Let p be (-66)/(-18) + 4/(-6). Suppose -4*v + 648 = 2*y + p*y, -149 = -v + 2*y. Let w = -22 + v. Calculate the greatest common factor of 27 and w.
27
Let u = 1749 - 1224. Calculate the highest common factor of u and 21.
21
Let c = 3582 + -3237. What is the highest common factor of c and 1104?
69
Let q = 110 - 96. Suppose 4*t + 2700 = q*t. Suppose 2*k + 480 = 5*m, -5*k = 3*m - t - 18. Calculate the highest common divisor of m and 12.
12
Suppose 2*o - 2 = 0, -26*o = -x - 21*o + 506. What is the highest common factor of 438 and x?
73
Let v = -11 + 21. Let z(c) be the second derivative of -23*c**3/6 + 2*c**2 + 15*c. Let f be z(-2). Calcu